4
In base 14, what is 44 + 3b38?
3b7c
In base 12, what is -a18 + 30392?
2b576
In base 5, what is 1111310 + -11403?
1044402
In base 7, what is -3203442125 - -5?
-3203442120
In base 13, what is -a20766a + 6?
-a207664
In base 16, what is 1861f8 - -81?
186279
In base 2, what is 11010001111010011101 + 100000110?
11010001111110100011
In base 8, what is -2615521 - 6?
-2615527
In base 6, what is -143 + -2035234?
-2035421
In base 4, what is 1322 + -332121131?
-332113203
In base 9, what is -4 - -180788007?
180788003
In base 15, what is -632027 - 2?
-632029
In base 14, what is -24bc0498 - -3?
-24bc0495
In base 11, what is -175 - -650053?
64a989
In base 16, what is -17 - 7ee11?
-7ee28
In base 16, what is -7e6 + 2931?
214b
In base 6, what is -214443 - 44545?
-303432
In base 14, what is 2 - bad8b?
-bad89
In base 7, what is 343544403 + 4?
343544410
In base 9, what is -16245 + 2808?
-13336
In base 11, what is 2474172 - -45?
2474207
In base 6, what is 355225114 + -55?
355225015
In base 13, what is -91918a4 - 1?
-91918a5
In base 8, what is 2 + 16126000?
16126002
In base 13, what is 4a8 - 2998c?
-294b4
In base 11, what is -223364 - 32?
-223396
In base 9, what is -23060 - 2232?
-25302
In base 4, what is 12 + 11321011001?
11321011013
In base 7, what is 21530 - 12056?
6441
In base 7, what is -2645 - 66225?
-102203
In base 14, what is 7 - 37653?
-3764a
In base 9, what is -11 + -154667136?
-154667147
In base 8, what is -124 - -7053442?
7053316
In base 6, what is -11504234011 - 12?
-11504234023
In base 2, what is -100001100100011011 + -1010010?
-100001100101101101
In base 12, what is 22582b90 - -4?
22582b94
In base 12, what is -5 + 290a93?
290a8a
In base 7, what is -1203 + 10132031?
10130525
In base 7, what is 12033 - 5403?
3330
In base 5, what is 23 - 22211132?
-22211104
In base 8, what is -1651052310 + 4?
-1651052304
In base 8, what is 2410 + -455421?
-453011
In base 2, what is -11010010001000000000 - -1011000?
-11010010000110101000
In base 7, what is 3644 - 24065?
-20121
In base 7, what is -231134 + -1064?
-232231
In base 5, what is -321110 + 4431?
-311124
In base 9, what is 35 + -584352?
-584316
In base 7, what is -1220333531 - 0?
-1220333531
In base 11, what is 535602 - -4?
535606
In base 12, what is 3376122 + -94?
337604a
In base 14, what is -134a + 1a6d?
723
In base 12, what is -2224444 + 2?
-2224442
In base 7, what is 55 + 26006664?
26010052
In base 8, what is 6 + 31211135?
31211143
In base 16, what is -276 - 1b754?
-1b9ca
In base 6, what is 4252002415 + -1?
4252002414
In base 14, what is -20 - 2569b4?
-2569d4
In base 7, what is -23661 - 44606?
-101600
In base 4, what is 210013021 - 101?
210012320
In base 16, what is 9f19768 - -5?
9f1976d
In base 3, what is -20221221020210211 - 2?
-20221221020210220
In base 6, what is -14 - -30222541?
30222523
In base 11, what is 3 - -852044a?
8520452
In base 15, what is 73bb3 + -69?
73b49
In base 13, what is -4645a - 3950?
-4a0aa
In base 3, what is -1012022001211102 - -2?
-1012022001211100
In base 4, what is -122121122300011 + -11?
-122121122300022
In base 2, what is 11000 + -100010111110111001?
-100010111110100001
In base 5, what is -1223302 - 1144321?
-2423123
In base 12, what is -5 + 28a18725?
28a18720
In base 5, what is -2112 - -11332203?
11330041
In base 2, what is -100100000100010 + -1100100011111?
-110000101000001
In base 14, what is -3b81d + -374?
-3bb93
In base 15, what is -5 + -563866?
-56386b
In base 4, what is 0 - 1122331131012?
-1122331131012
In base 11, what is -4 - -13985602?
139855a9
In base 14, what is a68 + -dc6?
-35c
In base 7, what is -35333 + 14440?
-20563
In base 2, what is -10001111 - -1000000101001101000001?
1000000101001010110010
In base 2, what is -101110000100 - -100011110011111?
11110000011011
In base 10, what is 1 + 15944082?
15944083
In base 15, what is 4a064d + c?
4a065a
In base 4, what is -120 + 130020231323?
130020231203
In base 10, what is 1273 - -35?
1308
In base 8, what is 14505262 + 4?
14505266
In base 11, what is 11a5626 - -5?
11a5630
In base 3, what is 100210122020 + -10111?
100210111202
In base 3, what is 12112222221 - -112?
12120000110
In base 6, what is 1254 - -23205323?
23211021
In base 11, what is -23a0 - -773a0?
75000
In base 9, what is 621 - -615626?
616347
In base 15, what is 5e + 14e9ca4?
14e9d13
In base 15, what is 4 - 110925a?
-1109256
In base 10, what is -10 - 11406846?
-11406856
In base 14, what is 9 - -16ad7ca?
16ad7d5
In base 11, what is 5 - -20a21733?
20a21738
In base 6, what is -53 + -42032550?
-42033043
In base 16, what is 8e352 - 5?
8e34d
In base 10, what is 37926 + 15560?
53486
In base 15, what is 1a5 + e6be?
e874
In base 5, what is 2101 - 100103012?
-100100411
In base 8, what is -51122305 - 7?
-51122314
In base 8, what is -46167362 + 2?
-46167360
In base 2, what is -110111 - -110100110110010100001001?
110100110110010011010010
In base 3, what is 111020002020 - 120221?
111012111022
In base 11, what is -105608 + -12?
-10561a
In base 6, what is -10 + 101023510?
101023500
In base 9, what is -4 + -511745618?
-511745623
In base 14, what is 5 + -172d767?
-172d762
In base 10, what is 39 - 547882?
-547843
In base 10, what is -15772517 + 4?
-15772513
In base 8, what is 276432 - -172?
276624
In base 12, what is -1a - -64b53?
64b35
In base 9, what is -2423 + -24784?
-27317
In base 3, what is 1022 + -111100202210100?
-111100202202001
In base 7, what is 16 - -4134332?
4134351
In base 13, what is -8a8894 + 4?
-8a8890
In base 15, what is b2e - -205?
d34
In base 4, what is -223 + 32230322111?
32230321222
In base 2, what is 10011010001110010011100100 + -101?
10011010001110010011011111
In base 9, what is -3364 + -26070?
-30444
In base 15, what is -58 + 4c9ea5?
4c9e4c
In base 6, what is 333421340 - -5?
333421345
In base 5, what is -1302 - 114422?
-121224
In base 10, what is 572529 + 240?
572769
In base 15, what is -4d5879 + -4?
-4d587d
In base 8, what is -51 - 17427?
-17500
In base 7, what is 551011 + -1055?
546623
In base 14, what is -880cd - aa?
-88199
In base 11, what is 55 + -920?
-876
In base 9, what is -11 - 6061415?
-6061426
In base 3, what is -1200020011211220 + 0?
-1200020011211220
In base 5, what is 343 - -2031240232?
2031241130
In base 2, what is 1101010100011011 + 110100101?
1101011011000000
In base 4, what is -33102021 + -1211?
-33103232
In base 10, what is -3581227 - 2?
-3581229
In base 14, what is 3 + 28d6c822?
28d6c825
In base 14, what is 15c + -1168d?
-11531
In base 14, what is 41 + 3d176?
3d1b7
In base 14, what is -111 - -c8366?
c8255
In base 9, what is 2765 + -25545?
-22670
In base 13, what is -89c89 - -60?
-89c29
In base 3, what is 110 - -112202220211?
112202221021
In base 8, what is -1247031 + -153?
-1247204
In base 7, what is -14 - 4430461?
-4430505
In base 9, what is 23208 + -8818?
13280
In base 15, what is 29a0 - -2c1?
2c71
In base 8, what is -1756 + 14046?
12070
In base 5, what is 3102241400 + 0?
3102241400
In base 4, what is 2303131221 - -30?
2303131311
In base 7, what is 22014 + 1503?
23520
In base 10, what is 2169404 + -2?
2169402
In base 10, what is -716706 - 119?
-716825
In base 15, what is 3bd7d - 17?
3bd66
In base 2, what is 110100011011011000000 + 10110101?
110100011011101110101
In base 10, what is 224 + -121546?
-121322
In base 11, what is 531 - 5185a9?
-518078
In base 12, what is 4b3926 + 137?
4b3a61
In base 12, what is 1689 + -8306?
-6839
In base 6, what is 544 - 11543002?
-11542014
In base 16, what is -186 - -b50?
9ca
In base 4, what is -13 + 10333033013?
10333033000
In base 13, what is 3b + -4890466?
-4890428
In base 2, what is 100111 + 1000010001111100?
1000010010100011
In base 11, what is -286 + 111686?
111400
In base 3, what is 110200010200 - 100?
110200010100
In base 16, what is -b36268 - 3?
-b3626b
In base 2, what is 1101101010010111010001 - -11101?
1101101010010111101110
In base 6, what is 3 - -104413014414?
104413014421
In base 5, what is 3 + 12000302201?
12000302204
In base 15, what is 1c - -4937?
4954
In base 14, what is -50 - -64a3c?
649cc
In base 10, what is 9443 - 249?
9194
In base 11, what is 7 + -7319216?
-731920a
In base 13, what is -1b37b02 + 32?
-1b37aa0
In base 10, what is 78616 + -256?
78360
In base 2, what is 0 - -110100011111?
110100011111
In base 3, what is -2020202102120220 + 1?
-2020202102120212
In base 2, what is 1011101